se 8, what is 2 + 147?
151
In base 13, what is a3 + c?
b2
In base 2, what is -1001011 - -101?
-1000110
In base 3, what is 10012 - -2?
10021
In base 6, what is -125 - 1030?
-1155
In base 13, what is 552 - -5?
557
In base 12, what is -15 - -82?
69
In base 2, what is 111101011000 - 10?
111101010110
In base 7, what is -556 + -26?
-615
In base 12, what is 172b8 - 4?
172b4
In base 10, what is -9 + 3?
-6
In base 15, what is 1d9e + -1?
1d9d
In base 9, what is 1 + -52?
-51
In base 15, what is a2 + -1?
a1
In base 10, what is -88 + -15?
-103
In base 9, what is 34 + 28?
63
In base 10, what is 14 - 2?
12
In base 9, what is 5 + 278?
284
In base 3, what is 20 - -220?
1010
In base 15, what is 4 + -288?
-284
In base 15, what is -4 + 1d?
19
In base 5, what is -3121 - -2?
-3114
In base 5, what is 3003302 - 2?
3003300
In base 7, what is 261 + -11?
250
In base 2, what is -11 + 1001100?
1001001
In base 4, what is -12 + 101?
23
In base 2, what is 10 - 1000110111?
-1000110101
In base 8, what is -505 - 3?
-510
In base 13, what is -5 - -4c?
47
In base 15, what is -d1 + 3?
-cd
In base 16, what is -e + d?
-1
In base 15, what is -1070 - -3?
-106c
In base 8, what is 75 - 10?
65
In base 2, what is -11 + -11100000?
-11100011
In base 11, what is 9a + -23?
77
In base 9, what is 1414 - 0?
1414
In base 14, what is 17c6 - -3?
17c9
In base 4, what is -10 + -33?
-103
In base 8, what is 43 + 6?
51
In base 15, what is -bd85 + -5?
-bd8a
In base 3, what is -1120211 - -200?
-1120011
In base 7, what is 13144 - -2?
13146
In base 6, what is 0 - 10?
-10
In base 2, what is 100010011001 - 100?
100010010101
In base 13, what is -4 - 35cc?
-3603
In base 14, what is -3 - 7?
-a
In base 11, what is 31 - 8?
24
In base 13, what is 1a - cc?
-b2
In base 16, what is f + -c?
3
In base 7, what is 3532 - -1?
3533
In base 15, what is 1 - -46?
47
In base 7, what is 1543 + -4?
1536
In base 14, what is 0 + -5?
-5
In base 6, what is 2 + -130?
-124
In base 13, what is 2578 + 2?
257a
In base 14, what is -4 + -8cc?
-8d2
In base 6, what is 22213 + 0?
22213
In base 15, what is 3d + 3?
41
In base 9, what is -6665 + -2?
-6667
In base 4, what is 110 - -10?
120
In base 15, what is e2 + -1?
e1
In base 7, what is 0 + 153?
153
In base 6, what is -22 + 1045?
1023
In base 9, what is 31802 + 3?
31805
In base 2, what is -10000001 + 1?
-10000000
In base 13, what is 26 - 1?
25
In base 11, what is 1 - a?
-9
In base 13, what is -1 + -136?
-137
In base 4, what is 110 - 0?
110
In base 10, what is 2 + -184?
-182
In base 2, what is 0 + 100001001?
100001001
In base 15, what is 2 + -93?
-91
In base 13, what is -11b - 3?
-121
In base 14, what is -c - 6a4?
-6b2
In base 8, what is 4 + 4?
10
In base 2, what is -1 + 10001001?
10001000
In base 13, what is 5 + -90?
-88
In base 9, what is 3 + 5250?
5253
In base 3, what is -2 - 120012?
-120021
In base 16, what is -8f + -4?
-93
In base 13, what is -5 + 1030?
1028
In base 5, what is -3 - -1001?
443
In base 4, what is -12221 + 203?
-12012
In base 7, what is 120 - -33?
153
In base 11, what is -154 - 0?
-154
In base 5, what is -11 - -314?
303
In base 7, what is 325 - 2?
323
In base 16, what is f1 + 1?
f2
In base 13, what is -5 - 628?
-630
In base 14, what is -3 - a5b?
-a60
In base 5, what is 3212 - -14?
3231
In base 15, what is 1102 - 3?
10ee
In base 3, what is 10202 - -102201?
120110
In base 7, what is 23 + -62?
-36
In base 6, what is -3 - 4414?
-4421
In base 13, what is -10 - 166?
-176
In base 5, what is -10 - 1403?
-1413
In base 16, what is -d3 - 3?
-d6
In base 13, what is -4 + b?
7
In base 5, what is -121 - -1343?
1222
In base 14, what is -22 - 1c?
-40
In base 10, what is 2 + 1?
3
In base 3, what is 11 + 10110211?
10110222
In base 13, what is 70a + 2?
70c
In base 16, what is 4 - -3a2?
3a6
In base 13, what is 3 + 186?
189
In base 13, what is 1b1 + 11?
1c2
In base 15, what is 525 - 1?
524
In base 4, what is 102 - -13?
121
In base 15, what is e + 10?
1e
In base 3, what is -211 - 10210?
-11121
In base 3, what is -2220 + -12?
-10002
In base 11, what is -1 + -43?
-44
In base 6, what is -53 + 20?
-33
In base 8, what is -11 - 5?
-16
In base 7, what is -251 + -16?
-300
In base 14, what is 354 + 4?
358
In base 3, what is -10201 + 210?
-2221
In base 16, what is -13 + 8?
-b
In base 5, what is 10 - 201?
-141
In base 12, what is 599 + -30?
569
In base 10, what is 162 + 2?
164
In base 15, what is 10d - 0?
10d
In base 2, what is 10 - -1010011110?
1010100000
In base 7, what is 2 - 1324?
-1322
In base 5, what is -2323 + 0?
-2323
In base 6, what is 2 - 5001?
-4555
In base 10, what is 519 - 5?
514
In base 2, what is -111101 - -11?
-111010
In base 8, what is 0 - -4316?
4316
In base 4, what is 2 + -230332?
-230330
In base 15, what is -1e0c - 6?
-1e13
In base 3, what is -100 + -102?
-202
In base 11, what is 1752 + -4?
1749
In base 7, what is 0 + 332?
332
In base 8, what is -406 - 40?
-446
In base 14, what is -46 - -11?
-35
In base 14, what is 44 + -4?
40
In base 13, what is 0 - -166?
166
In base 16, what is -8 - -38e?
386
In base 7, what is -234 - -5?
-226
In base 3, what is -1 - 112122?
-112200
In base 12, what is b + -22?
-13
In base 14, what is 3 + -9d?
-9a
In base 12, what is -37 - 135?
-170
In base 15, what is 386 + -2?
384
In base 15, what is 73d + 2?
740
In base 6, what is -2 + -44?
-50
In base 13, what is 7 - -2?
9
In base 7, what is 110 - 116?
-6
In base 8, what is 5 - -164?
171
In base 8, what is 12 + -276?
-264
In base 9, what is 680 + 6?
686
In base 8, what is 5 + -1317?
-1312
In base 16, what is -6539 + -5?
-653e
In base 7, what is -35 - -112?
44
In base 14, what is -2 - 436?
-438
In base 4, what is -1110 + 11?
-1033
In base 11, what is a - -4?
13
In base 14, what is 3 + 115?
118
In base 3, what is -2 + 110?
101
In base 7, what is -10 + 2000?
1660
In base 13, what is 4 - -169c?
16a3
In base 9, what is -5 + -131?
-136
In base 5, what is 24213 + 2?
24220
In base 5, what is -11 - 143?
-204
In base 10, what is 258 + 0?
258
In base 2, what is -111111100010 - 10?
-111111100100
In base 10, what is -5 + -8?
-13
In base 12, what is 5 - -226?
22b
In base 9, what is -2 + 120?
117
In base 2, what is 101 - 1100101?
-1100000
In base 10, what is 603 - 4?
599
In base 6, what is -102 + -1004?
-1110
In base 7, what is 3 + -23?
-20
In base 6, what is 2 - 23255?
-23253
In base 6, what is 110134 + -3?
110131
In base 2, what is -10001 - -100?
-1101
In base 9, what is 4 + -578?
-574
In base 14, what is -5 - b3?
-b8
In base 15, what is -6 + 1a?
14
In base 14, what is 410d + 1?
4110
In base 8, what is 30 - -17?
47
In base 2, what is -100 - -11001000100?
11001000000
In base 16, what is 5 + c?
11
In base 15, what is 42 - -a?
4c
In base 6, what is 3 + 15424?
15431
In base 5, what is 0 - 0?
0
In base 12, what is -4 - -4417?
4413
In base 5, what is 103 - -32?
140
In base 5, what is -4 - -112?
103
In base 11, what is -71 - 2?
-73
In base 9, what is 236 - -4?
241
In base 3, what is -102 + -100021?
-100200
In base 8, what is 4 + -731?
-725
In base 8, what is -316 - -4?
-312
In base 14, what is 27 + 98?
c1
In base 11, what is 22 - 60?
-39
In base 5, what is -4 - 24302?
-24311
In base 12, what is 0 - -a42?
a42
In base 10, what is -7 - 58?
-65
In base 16, what is -28d0 - -5?
-28cb
In base 5, what is -344 + 3?
-341
In base 9, what is -11 - -280?
268
In base 14, what is 2 - -315?
317
In base 2, what is 110111 - 100001?
10110
In base 13, what is 1935 - -4?
1939
In base 13, what is 85 + -48?
3a
In base 5, what is -3 - 2043?
-2101
In base 10, what is -9 - -29?
20
In base 2, what is 1101 - -11111?
101100
In base 11, what is -1 - 61?
-62
In base 16, what is 38 + 1?
39
In base 10, what is 0 + 42?
42
In base 16, what is 280 + 1?
281
In base 15, what is -cc + 7?
-c5
In base 3, what is -102 - -10020?
2211
In base 7, what is -311 - 2?
-313
In base 2, what is -11100001 - 101?
-11100110
In base 7, what is 3 + -1365?
-1362
In base 11, what is 0 + -244?
-244
In base 13, what is -73 - 8?
-7b
In base 4, what is 3 + -2120?
-2111
In base 14, what is 166 + 5?
16b
In base 4, what is -21 - -33?
12
In base 15, what is 20 - -37?
57
In base 14, what is -596 - -5?
-591
In base 14, what is 14 - 16?
-2
In base 3, what is -2 + -22022?
-22101
In base 10, what is 710 - 10?
700
In base 15, what is -5 + 1282?
127c
In base 6, what is -4 + 110?
102
In base 16, what is -3 